actors of 160240?
2, 5, 2003
List the prime factors of 5634.
2, 3, 313
What are the prime factors of 5716?
2, 1429
List the prime factors of 18869.
18869
List the prime factors of 6398.
2, 7, 457
What are the prime factors of 1405?
5, 281
List the prime factors of 9914.
2, 4957
List the prime factors of 1473.
3, 491
List the prime factors of 34569.
3, 23, 167
List the prime factors of 83957.
59, 1423
List the prime factors of 291.
3, 97
What are the prime factors of 7439?
43, 173
List the prime factors of 16163.
7, 2309
List the prime factors of 473.
11, 43
List the prime factors of 74364.
2, 3, 6197
List the prime factors of 1738.
2, 11, 79
What are the prime factors of 2852?
2, 23, 31
List the prime factors of 22617.
3, 7, 359
List the prime factors of 43004.
2, 13, 827
List the prime factors of 46682.
2, 17, 1373
List the prime factors of 1963.
13, 151
List the prime factors of 26077.
89, 293
List the prime factors of 1441.
11, 131
What are the prime factors of 40609?
40609
List the prime factors of 1328.
2, 83
List the prime factors of 1020.
2, 3, 5, 17
List the prime factors of 315.
3, 5, 7
What are the prime factors of 8131?
47, 173
List the prime factors of 992.
2, 31
List the prime factors of 16993.
16993
What are the prime factors of 2255?
5, 11, 41
List the prime factors of 84321.
3, 347
List the prime factors of 741.
3, 13, 19
List the prime factors of 7150.
2, 5, 11, 13
What are the prime factors of 1271?
31, 41
List the prime factors of 7841.
7841
What are the prime factors of 2609?
2609
List the prime factors of 2796.
2, 3, 233
What are the prime factors of 26515?
5, 5303
What are the prime factors of 162818?
2, 81409
What are the prime factors of 8094?
2, 3, 19, 71
What are the prime factors of 1107?
3, 41
What are the prime factors of 854?
2, 7, 61
What are the prime factors of 861?
3, 7, 41
List the prime factors of 103340.
2, 5, 5167
List the prime factors of 20518.
2, 10259
What are the prime factors of 17703?
3, 7, 281
What are the prime factors of 183?
3, 61
What are the prime factors of 69130?
2, 5, 31, 223
List the prime factors of 6176.
2, 193
List the prime factors of 23865.
3, 5, 37, 43
What are the prime factors of 2329?
17, 137
What are the prime factors of 446?
2, 223
List the prime factors of 2664.
2, 3, 37
List the prime factors of 2073.
3, 691
What are the prime factors of 6158?
2, 3079
List the prime factors of 17723.
37, 479
List the prime factors of 2857.
2857
What are the prime factors of 15487?
17, 911
List the prime factors of 5278.
2, 7, 13, 29
List the prime factors of 62712.
2, 3, 13, 67
What are the prime factors of 2629?
11, 239
List the prime factors of 604.
2, 151
What are the prime factors of 4630?
2, 5, 463
List the prime factors of 481.
13, 37
What are the prime factors of 13843?
109, 127
List the prime factors of 393.
3, 131
What are the prime factors of 2989?
7, 61
List the prime factors of 7047.
3, 29
What are the prime factors of 1976?
2, 13, 19
What are the prime factors of 775?
5, 31
List the prime factors of 23913.
3, 2657
List the prime factors of 516.
2, 3, 43
List the prime factors of 31781.
61, 521
What are the prime factors of 10590?
2, 3, 5, 353
List the prime factors of 364.
2, 7, 13
List the prime factors of 11520.
2, 3, 5
List the prime factors of 35426.
2, 17713
List the prime factors of 118.
2, 59
List the prime factors of 1183.
7, 13
List the prime factors of 102.
2, 3, 17
What are the prime factors of 7?
7
List the prime factors of 1383.
3, 461
List the prime factors of 2832.
2, 3, 59
List the prime factors of 21835.
5, 11, 397
What are the prime factors of 2259?
3, 251
What are the prime factors of 12045?
3, 5, 11, 73
What are the prime factors of 53897?
53897
List the prime factors of 573.
3, 191
List the prime factors of 33968.
2, 11, 193
What are the prime factors of 6480?
2, 3, 5
List the prime factors of 655.
5, 131
List the prime factors of 8815.
5, 41, 43
List the prime factors of 37928.
2, 11, 431
List the prime factors of 52554.
2, 3, 19, 461
What are the prime factors of 87573?
3, 29191
List the prime factors of 3195.
3, 5, 71
List the prime factors of 77813.
77813
What are the prime factors of 625?
5
What are the prime factors of 37671?
3, 29, 433
What are the prime factors of 107259?
3, 35753
What are the prime factors of 208?
2, 13
List the prime factors of 60835.
5, 23
What are the prime factors of 9410?
2, 5, 941
List the prime factors of 100212.
2, 3, 7, 1193
List the prime factors of 10316.
2, 2579
What are the prime factors of 7331?
7331
What are the prime factors of 1283?
1283
List the prime factors of 5132.
2, 1283
What are the prime factors of 53883?
3, 5987
What are the prime factors of 2687?
2687
What are the prime factors of 7579?
11, 13, 53
What are the prime factors of 29208?
2, 3, 1217
List the prime factors of 11342.
2, 53, 107
List the prime factors of 48.
2, 3
What are the prime factors of 12?
2, 3
List the prime factors of 2710.
2, 5, 271
List the prime factors of 22682.
2, 11, 1031
List the prime factors of 18221.
7, 19, 137
What are the prime factors of 483?
3, 7, 23
What are the prime factors of 1545?
3, 5, 103
List the prime factors of 31594.
2, 15797
List the prime factors of 763.
7, 109
What are the prime factors of 68248?
2, 19, 449
List the prime factors of 19770.
2, 3, 5, 659
List the prime factors of 1709.
1709
List the prime factors of 40790.
2, 5, 4079
What are the prime factors of 44569?
7, 6367
List the prime factors of 66144.
2, 3, 13, 53
What are the prime factors of 1425?
3, 5, 19
What are the prime factors of 23070?
2, 3, 5, 769
List the prime factors of 4734.
2, 3, 263
List the prime factors of 20053.
11, 1823
List the prime factors of 988.
2, 13, 19
List the prime factors of 10204.
2, 2551
List the prime factors of 105544.
2, 79, 167
List the prime factors of 42.
2, 3, 7
What are the prime factors of 5000?
2, 5
List the prime factors of 96984.
2, 3, 449
List the prime factors of 2533.
17, 149
List the prime factors of 26.
2, 13
List the prime factors of 7508.
2, 1877
List the prime factors of 1587.
3, 23
List the prime factors of 3131.
31, 101
What are the prime factors of 9691?
11, 881
What are the prime factors of 3314?
2, 1657
List the prime factors of 33338.
2, 79, 211
What are the prime factors of 10906?
2, 7, 19, 41
What are the prime factors of 663?
3, 13, 17
List the prime factors of 529.
23
List the prime factors of 45412.
2, 11353
List the prime factors of 368.
2, 23
List the prime factors of 3838.
2, 19, 101
List the prime factors of 1020.
2, 3, 5, 17
What are the prime factors of 3009?
3, 17, 59
What are the prime factors of 1578?
2, 3, 263
What are the prime factors of 4066?
2, 19, 107
List the prime factors of 606.
2, 3, 101
What are the prime factors of 50851?
211, 241
List the prime factors of 764.
2, 191
What are the prime factors of 750?
2, 3, 5
What are the prime factors of 21154?
2, 7, 1511
What are the prime factors of 4672?
2, 73
What are the prime factors of 1934?
2, 967
What are the prime factors of 12680?
2, 5, 317
List the prime factors of 35173.
17, 2069
List the prime factors of 1219.
23, 53
What are the prime factors of 13922?
2, 6961
What are the prime factors of 155?
5, 31
List the prime factors of 738.
2, 3, 41
What are the prime factors of 6218?
2, 3109
What are the prime factors of 562?
2, 281
What are the prime factors of 25101?
3, 2789
What are the prime factors of 11397?
3, 29, 131
List the prime factors of 4136.
2, 11, 47
What are the prime factors of 3961?
17, 233
What are the prime factors of 3971?
11, 19
What are the prime factors of 374?
2, 11, 17
List the prime factors of 19598.
2, 41, 239
What are the prime factors of 21169?
21169
What are the prime factors of 3482?
2, 1741
List the prime factors of 8004.
2, 3, 23, 29
What are the prime factors of 19192?
2, 2399
List the prime factors of 183233.
97, 1889
List the prime factors of 1983.
3, 661
What are the prime factors of 8417?
19, 443
List the prime factors of 2833.
2833
What are the prime factors of 123429?
3, 41143
List the prime factors of 556.
2, 139
List the prime factors of 46.
2, 23
What are the prime factors of 16296?
2, 3, 7, 97
What are the prime factors of 23618?
2, 7, 241
List the prime factors of 21932.
2, 5483
Li